 is 11 + -6 - (15 - -13) - 9 - -6?
-26
What is the value of (8 - -2) + (2 - 8) + -24?
-20
Calculate 6 + 4 + -13 + 16.
13
0 + (12 - -5) + (1 - 14)
4
(2 + 5 - 3) + (-10 - -4 - -12)
10
What is the value of -6 - ((6 - 4) + 3 + -1 + -1)?
-9
What is the value of (60 + -38 - 11 - (-17 - 0)) + -2?
26
Calculate 5 - (-3 - -3) - (-249 - -249).
5
What is (3 - 1) + 5 + 5 + -27 + 23?
8
Evaluate (-37 + 49 - (7 - 2)) + 14.
21
Calculate -1 + (-4 - 29) - (52 - 68).
-18
Calculate 2 + (-1 - 3) + (6 - -3).
7
Calculate (-30 - -15 - 2) + 28.
11
What is 23 + 5 + 179 + -204?
3
Calculate (9 - (10 - -6)) + -6 + 1.
-12
Evaluate 89 + -92 + (-1 + -1 + 0 - 2).
-7
Evaluate -17 - -69 - 36 - -22.
38
Evaluate 0 + -1 + (4 - -1) - (19 + -5).
-10
1 + (26 - (-9 + 17) - 0)
19
Calculate (0 - (1 - -1)) + -159 + 162.
1
What is the value of 51 + -56 + (-3 + (-17 - -2) - -6)?
-17
What is the value of (2 - -5) + (-22 - -14)?
-1
What is (13 - (-1 + 6)) + -30 + 28 - 15?
-9
What is the value of 3 - ((3 - 10) + (-5 - -3))?
12
-13 + -11 + -3 + 31
4
(-13 + -7 - -12) + (-1 - 4)
-13
Calculate -1 - -4 - (-1 + 6 - 9 - 10).
17
-4 - (3 + -6 - ((0 - 1) + -7))
-9
-4 + 10 + (20 - 17)
9
-6 + (7 + -19 - (1 + (1 - -5)))
-25
Evaluate -1 - ((-10 - -3) + 0 + -3 + -1).
10
What is the value of 19 - (7 + -13 + 33)?
-8
What is 8 - ((0 - 10) + (-32 - -49))?
1
Evaluate 29 - (-9 + 34 - 27).
31
-1 + (0 - 2) + (-495 - -486) + 10
-2
What is -22 - 1 - -48 - 6?
19
What is the value of -43 + 54 + 4 - (18 - -1)?
-4
Evaluate -16 + 3 + -28 + 51.
10
What is the value of 8 - (-6 - 2) - (-25 - -60)?
-19
Calculate (-15 - -31) + -13 - -14.
17
What is the value of -7 - (11 + 2 + (-42 - -44))?
-22
Calculate -8 + 2 + 6 + 8 + -2 - 12.
-6
Evaluate -4 + 4 + (20 - 19) + -1 + 5.
5
Evaluate -6 - (1 - 17) - 17.
-7
Calculate 11 - (2 + 3) - 0.
6
Calculate -1 + -2 + -33 + 34.
-2
Evaluate -2 - -4 - (144 + -152).
10
(6 - 0 - 12) + (-4 - -8) + 13
11
What is the value of -7 + (-11 - -8) + 2 + -1?
-9
-6 - ((-11 - -1) + (48 - 24))
-20
What is the value of -12 - (-8 - (2 + 2))?
0
Calculate (5 - (4 - -3 - 1)) + -9.
-10
Evaluate 11 + (6 - 0 - (-13 - -16) - 7).
7
What is (-3 - -1 - 29) + -5 + -8 + 22?
-22
Calculate -33 + (0 - 6) - (-5 - (8 - 4)).
-30
Calculate 10 + 6 + -19 + 4 - (3 - -22).
-24
Evaluate -22 - -20 - 7 - (-7 - (1 + -1)).
-2
What is the value of 4 + -6 + -5 + -13 + -9?
-29
Calculate -19 - (14 - 22 - (0 + 1 + -4)).
-14
Evaluate -25 + 7 + 9 - (-3 + -1 + 0).
-5
-13 - (-7 + -3) - ((-3 - 0) + 3)
-3
(-2 - 8 - (3 + -1)) + 8
-4
Calculate -135 + 115 + (-6 - -1).
-25
Evaluate 25 - 0 - (92 + -81) - -11.
25
What is the value of 150 + -134 - (10 - -2)?
4
Calculate -2 + -3 + 1 + (-5 - (-4 - 0)).
-5
Evaluate (-1 - -5) + (-10 + 4 + 0 - -14).
12
Calculate 49 - 43 - (-4 - 0) - 11.
-1
Calculate (15 - (36 - 19)) + -2.
-4
Evaluate (2 - 8) + (0 - 0) - (-1 + 10).
-15
6 + 0 + -2 + 4
8
What is the value of -33 + (0 - -25 - 20 - (-1 - -7))?
-34
What is (12 - (-5 + 7) - 8) + 14?
16
(0 - 4) + -3 + -2 + 6 + -14
-17
What is (-1 - -4) + (2 - 11) + 10?
4
What is the value of 95 + -98 - (-1 - (2 - 4))?
-4
What is the value of (-4 - -23) + (22 - (56 - 18))?
3
Calculate (40 - (25 - 13)) + (-1 + 5 - 2).
30
What is the value of 6 - 12 - (-16 - (2 + -4 + 1))?
9
What is the value of 44 + -22 + -15 - (0 - (-1 + -7))?
-1
Calculate 52 + (-57 - -12) + 15 + -1.
21
Calculate -9 + (-12 + -5 - -11) + (0 - -8).
-7
Calculate -4 + 4 + -13 + 8.
-5
What is 1 + (1 - 1 - -7 - (287 + -286))?
7
(-2 - -8) + 0 - (4 - 10)
12
-211 - -233 - (-2 + -8)
32
Calculate 4 - ((2 - -8) + -8 - 1).
3
Calculate 11 + (2 - (8 + 7 + 9)).
-11
Calculate (-1 + 16 - (129 - 117)) + (9 - -1).
13
What is (-989 - -971) + 1 + -1?
-18
42 + -24 - -9 - 9
18
What is the value of -54 + 50 + 43 + -1 + -11?
27
Calculate 4 + (5 - (-16 + 23 + 8)).
-6
Evaluate (8 - 0) + 17 + -19 + -4 - 16.
-14
What is the value of (-12 - (5 + -3 + (-2 - 5))) + -8?
-15
(-3 - -3 - 13) + (54 - 49)
-8
What is the value of 11 + -19 + 18 + (2 + 14 - -1)?
27
What is -8 + 37 - 11 - (-47 + 35)?
30
Calculate -7 + 1 + -35 + 34.
-7
What is (-11 - (-4 - -5)) + (8 - 0) + -1?
-5
Calculate (0 - (3 - (1 - -5))) + -8 + -2.
-7
Calculate (1 - (10 + -1)) + (1 - (0 - -1)).
-8
Evaluate (5 - 4) + 3 + 6 + 4.
14
Evaluate 7 + 0 + -2 + 429 + -432.
2
Calculate (30 - 25 - (-4 - -2 - 1)) + 6.
14
-7 - 49 - (2 - 26)
-32
What is the value of 4 + 3 - (-19 - -14)?
12
What is the value of 39 - 50 - (-1 + -4 + 4)?
-10
8 - 2 - (1 + 11 - (8 - 3))
-1
(3 - 9 - -5) + 6 + -3 + -6
-4
What is (-27 - 1) + -87 + 96?
-19
-24 + (28 - (7 + 0))
-3
What is (-32 - -4) + (44 - 4)?
12
What is the value of 10 + 0 + (-10 + 0 - (2 + -17))?
15
Evaluate -21 + 9 + -6 + 15.
-3
What is the value of 11 + 2 + -3 + (129 - 163)?
-24
What is -2 - -6 - (3 - (-8 - (-8 - 17)))?
18
Evaluate -15 + 4 + (-2 + 3 - 6 - -9).
-7
What is the value of (-49 - (-27 + 3)) + 2 + -1 + -9?
-33
What is the value of (-3 - 8) + (3 - -26) + -3?
15
Calculate -7 + (2 - -13) + (0 - 15).
-7
Evaluate 12 + (-3 + -28 - -11).
-8
What is the value of (-23 - -12 - -20) + 1?
10
What is -5 + 4 + 9 + 1 + 2?
11
What is the value of -5 + (6 - (13 + -5 - 1))?
-6
Evaluate (-16 - (3 - 12)) + -1 + 1.
-7
33 + (30 - 19 - 47)
-3
Calculate 26 + 4 + -5 + -8 + 8 + 0.
25
Evaluate 8 + -8 + (-3 - -2) + 10.
9
What is (-32 - -18 - -8) + (5 - 3)?
-4
What is the value of (7 - (20 - (11 - (0 + 4)))) + -1?
-7
What is 3 - 6 - -6 - (8 + 6 + -14)?
3
Evaluate -6 - 20 - (-46 + 4).
16
Evaluate 0 - 13 - (27 + -41) - (-5 - 0).
6
-16 + (-16 - -45) + (0 - -6)
19
-16 + 11 + (-2 + 3 - -15)
11
What is (9 - (5 + 13)) + 16 - (22 + -2)?
-13
154 + -152 + 6 + -1 + 13
20
7 + (5 - 28) + 10
-6
23 + -54 + 84 + -40
13
Calculate 24 + (-10 - -4) + -14 + 0.
4
6 + (9 + -4 - 0) + -7 - -14
18
2 + (-5 - (-13 + 2)) - (19 + -4)
-7
Calculate 2 + -5 - (2 + -6) - 4 - -6.
3
Evaluate -4 - -6 - -9 - (47 + -53).
17
Calculate (-2 + 4 + 2 + -7 - 0) + -8.
-11
Evaluate (-16 - ((-1 - 5) + 5)) + (1 - -4).
-10
Evaluate -106 - -98 - (0 + -10).
2
Calculate 5 + 5 + -13 - -12 - -11.
20
1 - -3 - (-9 + 18) - -7
2
Calculate -32 - (-95 + 12) - 27.
24
What is the value of 15 + -60 + -37 + 56?
-26
Calculate 4 - (15 + (-16 - 10) - (0 + -6)).
9
Evaluate -99 + 99 - (-2 - (-20 + 3)).
-15
What is (-18 + 23 - (-1 - 2)) + -14?
-6
What is the value of 7 + 9 + 8 + -17?
7
Calculate (-2 - (-2 + -1)) + 22 + (-33 - -5).
-5
Calculate (5 - -16) + -11 + (5 - -4 - 1).
18
Evaluate (7 - 14) + -11 + (8 - 0).
-10
Calculate (1 + -1 - -1) + 2 + 2061 + -2057.
7
Calculate -19 - (-10 - -11 - 2).
-18
Evaluate (6 - (0 - (-6 + -5))) + (3 - 13).
-15
What is 3 - ((3 - 6) + -1 + 7)?
0
What is the value of -17 + 1 + 7 - -8?
-1
Evaluate -5 - (-7 - 9 - (3 - (-4 + 4))).
14
What is the value of 5 + (-8 - 4 - 11) - -7?
-11
Calculate -30 + 34 + -10 - (7 + 2).
-15
Calculate (14 - -7) + -12 + 0.
9
1 + (-13 + -2 - 13) + 7
-20
Evaluate 19 + -5 + 0 + -8 + 0 - -11.
17
What is (4 - (-4 - -8) - -8) + (18 - 18)?
8
Calculate -1 + -2 + -3 + (-5 - (-1 - -2)).
-12
Calculate -16 - (-11 - (-12 + -14) - 17).
-14
(-9 - 1) + (0 - 0)
-10
1 - 0 - (-10 - (-30 - -6) - -9)
-22
What is -7 + -1 + (13 - (-8 - -9)) + -14?
-10
-36 - -85 - (32 - 9)
26
Calculate (-2 + -3 - 5 - -13) + 5.
8
Evaluate 15 + 31 + -19 + -11.
16
Calculate -9 + (-4 - -3) - ((-40 - 0) + 33).
-3
Calculate -7 + -17 + 32 - 16.
-8
What is the value of -9 - ((6 - (1 - -6)) + 3)?
-11
Evaluate 1022 + -1016 - (33 + 2 - -1).
-30
Calculate 19 + (40 - 37) + (-1 - 2).
19
What is -5 + -8 + 10 - 4 - 8?
-15
Evaluate -4 - (-16 + -5) - (-137 + 128).
26
What is -5 + -3 + 13 + -4 + 1?
2
(-7 + 5 + 3 - 0) + 4
5
Evaluate 4 - (4 - 3) - (22 + (-12 - -4)).
-11
-4 + 5 + 10 + -18 + (3 - 1)
-5
What is (-1 - -4 - (5 + -10)) + -22?
-14
What is 7 + (-3 - 8) + (-3 - -1)?
-6
What is 8 - (17 + 0 - 25)?
16
Calculate 155 + -158 - (-30 + 0 + 5).
22
What is the value of -8 + 2 + -8 + -5 + (2 - -8)?
-9
Calculate (18 - 17) + -16 + 16.
1
-41 + (17 - (12 + -17 + 16))
-35
3 - (-5 + 1 + 7 + -3) - -4
7
What is 4 + (30 - 14) + -13?
7
Calculate 12 - 0 - (95 - 94).
11
Calculate -15 + -6 + 15 + -2 - 13.
-21
Calculate -5 + -4 + 3 + -4 + -6 + 6.
-10
Calculate (-1 - 0) + (32 + -13 - 9).
9
Calculate 3 + (11 - (-16 - -8)) + 0 + 6.
28
What is the value of 1 + -2 + (-11 - (15 - (-17 - -22)))?
-22
What is the value of (2 - (-1 - -26)) + -408 + 417?
-14
Evaluate -25 + -2 + 